{"id":9162,"date":"2023-08-26T13:56:35","date_gmt":"2023-08-26T16:56:35","guid":{"rendered":"https:\/\/www.casaignacio.com.ar\/site\/?page_id=9162"},"modified":"2023-09-04T14:57:48","modified_gmt":"2023-09-04T17:57:48","slug":"weblog","status":"publish","type":"page","link":"https:\/\/www.casaignacio.com.ar\/site\/weblog\/","title":{"rendered":"El Blog de Casa Ignacio"},"content":{"rendered":"<div class=\"wpb-content-wrapper\"><p>[vc_row css=&#8221;.vc_custom_1679586202797{padding-top: 150px !important;}&#8221;][vc_column][vc_basic_grid post_type=&#8221;post&#8221; max_items=&#8221;1&#8243; element_width=&#8221;12&#8243; item=&#8221;masonryGrid_Default&#8221; grid_id=&#8221;vc_gid:1693850256981-a13b08db-2175-2&#8243; el_id=&#8221;blog_primera&#8221;][\/vc_column][\/vc_row][vc_row][vc_column css=&#8221;.vc_custom_1515677064675{padding-right: 0px !important;padding-left: 0px !important;}&#8221;][vc_basic_grid post_type=&#8221;post&#8221; max_items=&#8221;3&#8243; grid_id=&#8221;vc_gid:1693850256982-2997c172-e709-9&#8243; offset=&#8221;1&#8243;][\/vc_column][\/vc_row][vc_row][vc_column][vc_row_inner css=&#8221;.vc_custom_1511348417220{padding-top: 100px !important;padding-bottom: 100px !important;}&#8221;][vc_column_inner][vc_wp_posts number=&#8221;20&#8243;][\/vc_column_inner][\/vc_row_inner][\/vc_column][\/vc_row]<\/p>\n<\/div>","protected":false},"excerpt":{"rendered":"<p>[vc_row css=&#8221;.vc_custom_1679586202797{padding-top: 150px !important;}&#8221;][vc_column][vc_basic_grid post_type=&#8221;post&#8221; max_items=&#8221;1&#8243; element_width=&#8221;12&#8243; item=&#8221;masonryGrid_Default&#8221; grid_id=&#8221;vc_gid:1693850256981-a13b08db-2175-2&#8243; el_id=&#8221;blog_primera&#8221;][\/vc_column][\/vc_row][vc_row][vc_column css=&#8221;.vc_custom_1515677064675{padding-right: 0px !important;padding-left: 0px !important;}&#8221;][vc_basic_grid post_type=&#8221;post&#8221; max_items=&#8221;3&#8243; grid_id=&#8221;vc_gid:1693850256982-2997c172-e709-9&#8243; offset=&#8221;1&#8243;][\/vc_column][\/vc_row][vc_row][vc_column][vc_row_inner css=&#8221;.vc_custom_1511348417220{padding-top: 100px !important;padding-bottom: 100px !important;}&#8221;][vc_column_inner][vc_wp_posts number=&#8221;20&#8243;][\/vc_column_inner][\/vc_row_inner][\/vc_column][\/vc_row]<\/p>\n","protected":false},"author":96739692,"featured_media":0,"parent":0,"menu_order":0,"comment_status":"closed","ping_status":"closed","template":"","meta":{"rs_blank_template":"","rs_page_bg_color":"","slide_template_v7":"","footnotes":""},"class_list":["post-9162","page","type-page","status-publish","hentry"],"yoast_head":"<!-- This site is optimized with the Yoast SEO Premium plugin v22.3 (Yoast SEO v27.5) - https:\/\/yoast.com\/product\/yoast-seo-premium-wordpress\/ -->\n<title>El Blog de Casa Ignacio - Casa Ignacio Librer\u00eda Comercial<\/title>\n<meta name=\"description\" content=\"%\" \/>\n<meta name=\"robots\" content=\"index, follow, max-snippet:-1, max-image-preview:large, max-video-preview:-1\" \/>\n<link rel=\"canonical\" href=\"https:\/\/www.casaignacio.com.ar\/site\/weblog\/\" \/>\n<meta property=\"og:locale\" content=\"es_ES\" \/>\n<meta property=\"og:type\" content=\"article\" \/>\n<meta property=\"og:title\" content=\"El Blog de Casa Ignacio\" \/>\n<meta property=\"og:description\" content=\"%\" \/>\n<meta property=\"og:url\" content=\"https:\/\/www.casaignacio.com.ar\/site\/weblog\/\" \/>\n<meta property=\"og:site_name\" content=\"Casa Ignacio Librer\u00eda Comercial\" \/>\n<meta property=\"article:publisher\" content=\"https:\/\/www.facebook.com\/casaignacio\" \/>\n<meta property=\"article:modified_time\" content=\"2023-09-04T17:57:48+00:00\" \/>\n<meta property=\"og:image\" content=\"https:\/\/www.casaignacio.com.ar\/site\/wp-content\/uploads\/2023\/11\/copiado-lideres_header_blog.jpg\" \/>\n\t<meta property=\"og:image:width\" content=\"1024\" \/>\n\t<meta property=\"og:image:height\" content=\"576\" \/>\n\t<meta property=\"og:image:type\" content=\"image\/jpeg\" \/>\n<meta name=\"twitter:card\" content=\"summary_large_image\" \/>\n<meta name=\"twitter:label1\" content=\"Tiempo de lectura\" \/>\n\t<meta name=\"twitter:data1\" content=\"1 minuto\" \/>\n<script type=\"application\/ld+json\" class=\"yoast-schema-graph\">{\"@context\":\"https:\\\/\\\/schema.org\",\"@graph\":[{\"@type\":\"WebPage\",\"@id\":\"https:\\\/\\\/www.casaignacio.com.ar\\\/site\\\/weblog\\\/\",\"url\":\"https:\\\/\\\/www.casaignacio.com.ar\\\/site\\\/weblog\\\/\",\"name\":\"El Blog de Casa Ignacio - Casa Ignacio Librer\u00eda Comercial\",\"isPartOf\":{\"@id\":\"https:\\\/\\\/www.casaignacio.com.ar\\\/site\\\/#website\"},\"datePublished\":\"2023-08-26T16:56:35+00:00\",\"dateModified\":\"2023-09-04T17:57:48+00:00\",\"description\":\"%\",\"breadcrumb\":{\"@id\":\"https:\\\/\\\/www.casaignacio.com.ar\\\/site\\\/weblog\\\/#breadcrumb\"},\"inLanguage\":\"es\",\"potentialAction\":[{\"@type\":\"ReadAction\",\"target\":[\"https:\\\/\\\/www.casaignacio.com.ar\\\/site\\\/weblog\\\/\"]}]},{\"@type\":\"BreadcrumbList\",\"@id\":\"https:\\\/\\\/www.casaignacio.com.ar\\\/site\\\/weblog\\\/#breadcrumb\",\"itemListElement\":[{\"@type\":\"ListItem\",\"position\":1,\"name\":\"Inicio\",\"item\":\"https:\\\/\\\/www.casaignacio.com.ar\\\/site\\\/\"},{\"@type\":\"ListItem\",\"position\":2,\"name\":\"El Blog de Casa Ignacio\"}]},{\"@type\":\"WebSite\",\"@id\":\"https:\\\/\\\/www.casaignacio.com.ar\\\/site\\\/#website\",\"url\":\"https:\\\/\\\/www.casaignacio.com.ar\\\/site\\\/\",\"name\":\"Casa Ignacio - Librer\u00eda Comercial\",\"description\":\"Copiado de libros contables - R\u00fabricas - Sociedades - Seguros - Sistema de Gesti\u00f3n ERP - Liber\u00eda Comercial\",\"publisher\":{\"@id\":\"https:\\\/\\\/www.casaignacio.com.ar\\\/site\\\/#organization\"},\"alternateName\":\"Casa Ignacio\",\"potentialAction\":[{\"@type\":\"SearchAction\",\"target\":{\"@type\":\"EntryPoint\",\"urlTemplate\":\"https:\\\/\\\/www.casaignacio.com.ar\\\/site\\\/?s={search_term_string}\"},\"query-input\":{\"@type\":\"PropertyValueSpecification\",\"valueRequired\":true,\"valueName\":\"search_term_string\"}}],\"inLanguage\":\"es\"},{\"@type\":[\"Organization\",\"Place\"],\"@id\":\"https:\\\/\\\/www.casaignacio.com.ar\\\/site\\\/#organization\",\"name\":\"Casa Ignacio - Librer\u00eda Comercial\",\"alternateName\":\"Casa Ignacio S.A.\",\"url\":\"https:\\\/\\\/www.casaignacio.com.ar\\\/site\\\/\",\"logo\":{\"@id\":\"https:\\\/\\\/www.casaignacio.com.ar\\\/site\\\/weblog\\\/#local-main-organization-logo\"},\"image\":{\"@id\":\"https:\\\/\\\/www.casaignacio.com.ar\\\/site\\\/weblog\\\/#local-main-organization-logo\"},\"sameAs\":[\"https:\\\/\\\/www.facebook.com\\\/casaignacio\",\"https:\\\/\\\/www.instagram.com\\\/casa.ignacio\",\"https:\\\/\\\/www.linkedin.com\\\/company\\\/casa-ignacio\"],\"description\":\"Brindamos soluciones en copiado de libros contables, r\u00fabricas de libros, constituci\u00f3n de sociedades,copiado directo y software de gesti\u00f3n ERP\",\"legalName\":\"Casa Ignacio S.A.\",\"foundingDate\":\"1975-08-13\",\"numberOfEmployees\":{\"@type\":\"QuantitativeValue\",\"minValue\":\"11\",\"maxValue\":\"50\"},\"publishingPrinciples\":\"https:\\\/\\\/www.casaignacio.com.ar\\\/site\\\/terminos-y-condiciones\\\/\",\"actionableFeedbackPolicy\":\"https:\\\/\\\/www.casaignacio.com.ar\\\/site\\\/terminos-y-condiciones\\\/\",\"diversityStaffingReport\":\"https:\\\/\\\/www.casaignacio.com.ar\\\/site\\\/politica-privacidad\\\/\",\"telephone\":[],\"openingHoursSpecification\":[{\"@type\":\"OpeningHoursSpecification\",\"dayOfWeek\":[\"Monday\",\"Tuesday\",\"Wednesday\",\"Thursday\",\"Friday\",\"Saturday\",\"Sunday\"],\"opens\":\"09:00\",\"closes\":\"17:00\"}]},{\"@type\":\"ImageObject\",\"inLanguage\":\"es\",\"@id\":\"https:\\\/\\\/www.casaignacio.com.ar\\\/site\\\/weblog\\\/#local-main-organization-logo\",\"url\":\"https:\\\/\\\/www.casaignacio.com.ar\\\/site\\\/wp-content\\\/uploads\\\/2022\\\/06\\\/logo_casaigncio_300x300.png\",\"contentUrl\":\"https:\\\/\\\/www.casaignacio.com.ar\\\/site\\\/wp-content\\\/uploads\\\/2022\\\/06\\\/logo_casaigncio_300x300.png\",\"width\":300,\"height\":300,\"caption\":\"Casa Ignacio - Librer\u00eda Comercial\"}]}<\/script>\n<!-- \/ Yoast SEO Premium plugin. -->","yoast_head_json":{"title":"El Blog de Casa Ignacio - Casa Ignacio Librer\u00eda Comercial","description":"%","robots":{"index":"index","follow":"follow","max-snippet":"max-snippet:-1","max-image-preview":"max-image-preview:large","max-video-preview":"max-video-preview:-1"},"canonical":"https:\/\/www.casaignacio.com.ar\/site\/weblog\/","og_locale":"es_ES","og_type":"article","og_title":"El Blog de Casa Ignacio","og_description":"%","og_url":"https:\/\/www.casaignacio.com.ar\/site\/weblog\/","og_site_name":"Casa Ignacio Librer\u00eda Comercial","article_publisher":"https:\/\/www.facebook.com\/casaignacio","article_modified_time":"2023-09-04T17:57:48+00:00","og_image":[{"width":1024,"height":576,"url":"https:\/\/www.casaignacio.com.ar\/site\/wp-content\/uploads\/2023\/11\/copiado-lideres_header_blog.jpg","type":"image\/jpeg"}],"twitter_card":"summary_large_image","twitter_misc":{"Tiempo de lectura":"1 minuto"},"schema":{"@context":"https:\/\/schema.org","@graph":[{"@type":"WebPage","@id":"https:\/\/www.casaignacio.com.ar\/site\/weblog\/","url":"https:\/\/www.casaignacio.com.ar\/site\/weblog\/","name":"El Blog de Casa Ignacio - Casa Ignacio Librer\u00eda Comercial","isPartOf":{"@id":"https:\/\/www.casaignacio.com.ar\/site\/#website"},"datePublished":"2023-08-26T16:56:35+00:00","dateModified":"2023-09-04T17:57:48+00:00","description":"%","breadcrumb":{"@id":"https:\/\/www.casaignacio.com.ar\/site\/weblog\/#breadcrumb"},"inLanguage":"es","potentialAction":[{"@type":"ReadAction","target":["https:\/\/www.casaignacio.com.ar\/site\/weblog\/"]}]},{"@type":"BreadcrumbList","@id":"https:\/\/www.casaignacio.com.ar\/site\/weblog\/#breadcrumb","itemListElement":[{"@type":"ListItem","position":1,"name":"Inicio","item":"https:\/\/www.casaignacio.com.ar\/site\/"},{"@type":"ListItem","position":2,"name":"El Blog de Casa Ignacio"}]},{"@type":"WebSite","@id":"https:\/\/www.casaignacio.com.ar\/site\/#website","url":"https:\/\/www.casaignacio.com.ar\/site\/","name":"Casa Ignacio - Librer\u00eda Comercial","description":"Copiado de libros contables - R\u00fabricas - Sociedades - Seguros - Sistema de Gesti\u00f3n ERP - Liber\u00eda Comercial","publisher":{"@id":"https:\/\/www.casaignacio.com.ar\/site\/#organization"},"alternateName":"Casa Ignacio","potentialAction":[{"@type":"SearchAction","target":{"@type":"EntryPoint","urlTemplate":"https:\/\/www.casaignacio.com.ar\/site\/?s={search_term_string}"},"query-input":{"@type":"PropertyValueSpecification","valueRequired":true,"valueName":"search_term_string"}}],"inLanguage":"es"},{"@type":["Organization","Place"],"@id":"https:\/\/www.casaignacio.com.ar\/site\/#organization","name":"Casa Ignacio - Librer\u00eda Comercial","alternateName":"Casa Ignacio S.A.","url":"https:\/\/www.casaignacio.com.ar\/site\/","logo":{"@id":"https:\/\/www.casaignacio.com.ar\/site\/weblog\/#local-main-organization-logo"},"image":{"@id":"https:\/\/www.casaignacio.com.ar\/site\/weblog\/#local-main-organization-logo"},"sameAs":["https:\/\/www.facebook.com\/casaignacio","https:\/\/www.instagram.com\/casa.ignacio","https:\/\/www.linkedin.com\/company\/casa-ignacio"],"description":"Brindamos soluciones en copiado de libros contables, r\u00fabricas de libros, constituci\u00f3n de sociedades,copiado directo y software de gesti\u00f3n ERP","legalName":"Casa Ignacio S.A.","foundingDate":"1975-08-13","numberOfEmployees":{"@type":"QuantitativeValue","minValue":"11","maxValue":"50"},"publishingPrinciples":"https:\/\/www.casaignacio.com.ar\/site\/terminos-y-condiciones\/","actionableFeedbackPolicy":"https:\/\/www.casaignacio.com.ar\/site\/terminos-y-condiciones\/","diversityStaffingReport":"https:\/\/www.casaignacio.com.ar\/site\/politica-privacidad\/","telephone":[],"openingHoursSpecification":[{"@type":"OpeningHoursSpecification","dayOfWeek":["Monday","Tuesday","Wednesday","Thursday","Friday","Saturday","Sunday"],"opens":"09:00","closes":"17:00"}]},{"@type":"ImageObject","inLanguage":"es","@id":"https:\/\/www.casaignacio.com.ar\/site\/weblog\/#local-main-organization-logo","url":"https:\/\/www.casaignacio.com.ar\/site\/wp-content\/uploads\/2022\/06\/logo_casaigncio_300x300.png","contentUrl":"https:\/\/www.casaignacio.com.ar\/site\/wp-content\/uploads\/2022\/06\/logo_casaigncio_300x300.png","width":300,"height":300,"caption":"Casa Ignacio - Librer\u00eda Comercial"}]}},"_links":{"self":[{"href":"https:\/\/www.casaignacio.com.ar\/site\/wp-json\/wp\/v2\/pages\/9162","targetHints":{"allow":["GET"]}}],"collection":[{"href":"https:\/\/www.casaignacio.com.ar\/site\/wp-json\/wp\/v2\/pages"}],"about":[{"href":"https:\/\/www.casaignacio.com.ar\/site\/wp-json\/wp\/v2\/types\/page"}],"author":[{"embeddable":true,"href":"https:\/\/www.casaignacio.com.ar\/site\/wp-json\/wp\/v2\/users\/96739692"}],"replies":[{"embeddable":true,"href":"https:\/\/www.casaignacio.com.ar\/site\/wp-json\/wp\/v2\/comments?post=9162"}],"version-history":[{"count":56,"href":"https:\/\/www.casaignacio.com.ar\/site\/wp-json\/wp\/v2\/pages\/9162\/revisions"}],"predecessor-version":[{"id":9267,"href":"https:\/\/www.casaignacio.com.ar\/site\/wp-json\/wp\/v2\/pages\/9162\/revisions\/9267"}],"wp:attachment":[{"href":"https:\/\/www.casaignacio.com.ar\/site\/wp-json\/wp\/v2\/media?parent=9162"}],"curies":[{"name":"wp","href":"https:\/\/api.w.org\/{rel}","templated":true}]}}