{"id":7669,"date":"2022-08-17T13:23:03","date_gmt":"2022-08-17T16:23:03","guid":{"rendered":"https:\/\/casaignacio.com.ar\/site\/?page_id=7669"},"modified":"2022-08-17T14:07:22","modified_gmt":"2022-08-17T17:07:22","slug":"copiado-de-libros-obtene-el-mejor-precio-global","status":"publish","type":"page","link":"https:\/\/www.casaignacio.com.ar\/site\/landing\/copiado-de-libros-obtene-el-mejor-precio-global\/","title":{"rendered":"Copiado de libros: obten\u00e9 el mejor Precio Global"},"content":{"rendered":"<div class=\"wpb-content-wrapper\"><p>[vc_row full_width=&#8221;stretch_row&#8221; content_placement=&#8221;middle&#8221; css=&#8221;.vc_custom_1660753507917{background-image: url(http:\/\/casaignacio.com.ar\/site\/wp-content\/uploads\/2022\/07\/mocklibros.jpg?id=7404) !important;}&#8221;][vc_column][vc_row_inner css=&#8221;.vc_custom_1511348417220{padding-top: 100px !important;padding-bottom: 100px !important;}&#8221;][vc_column_inner width=&#8221;1\/4&#8243;][\/vc_column_inner][vc_column_inner width=&#8221;1\/2&#8243;][vc_empty_space height=&#8221;30px&#8221;]<header class=\"kd-section-title col-lg-12 text-center   titulo_landing \" ><h2 class=\"separator_off\" style=\"color: #ffffff;\">Copiado de libros:<br \/>\nahorr\u00e1 con el mejor Precio Global<\/h2><h6 class=\"subtitle \" style=\"color: #ffffff;\">\u00bfQuer\u00e9s obtener el mejor precio<br \/>\npara el Copiado de tus libros contables?<\/h6><\/header>[vc_empty_space height=&#8221;30px&#8221;][vc_icon icon_fontawesome=&#8221;fas fa-arrow-down&#8221; color=&#8221;white&#8221; align=&#8221;center&#8221; css_animation=&#8221;bounceInDown&#8221;][\/vc_column_inner][vc_column_inner width=&#8221;1\/4&#8243;][\/vc_column_inner][\/vc_row_inner][\/vc_column][\/vc_row][vc_row full_width=&#8221;stretch_row&#8221;][vc_column css=&#8221;.vc_custom_1516095225433{padding-right: 0px !important;padding-left: 0px !important;}&#8221;][vc_row_inner css=&#8221;.vc_custom_1515166371656{padding-top: 100px !important;padding-bottom: 100px !important;}&#8221;][vc_column_inner width=&#8221;1\/2&#8243; css=&#8221;.vc_custom_1654533707319{padding-top: 20px !important;}&#8221;]<header class=\"kd-section-title col-lg-12 text-left solid-line sep-border-width-2    \" ><h2 class=\"separator_on\" >Recib\u00ed el mejor Precio Global<\/h2><div class=\"kd-separator below_title\" ><div class=\"kd-separator-line\" ><\/div><\/div><h6 class=\"subtitle \" >En Casa Ignacio tenemos el orgullo de contar con m\u00e1s 45 a\u00f1os de experiencia en el mercado de <strong>copiado y r\u00fabrica de libros contables<\/strong>. Estamos a la vanguardia de la industria lo que nos permite, adem\u00e1s, <strong>ofrecer soluciones con calidad y precios muy por encima de la competencia<\/strong>.<br \/>\nComprender los requerimientos de tu organizaci\u00f3n es de suma importancia para nosotros. Por eso, nos gustar\u00eda escucharte y trabajar juntos para crear una experiencia verdaderamente \u00fanica al mejor precio posible.<br \/>\nComplet\u00e1 el formulario y recib\u00ed una propuesta <strong>a la medida de tus necesidades<\/strong>.<\/h6><\/header>[vc_empty_space height=&#8221;100px&#8221;][vc_single_image image=&#8221;7137&#8243; img_size=&#8221;full&#8221; alignment=&#8221;center&#8221; css_animation=&#8221;bounceInLeft&#8221;][\/vc_column_inner][vc_column_inner width=&#8221;1\/6&#8243;][\/vc_column_inner][vc_column_inner width=&#8221;1\/3&#8243;][vc_column_text css=&#8221;.vc_custom_1654562031889{margin-bottom: 0px !important;padding-top: 10px !important;padding-right: 10px !important;padding-bottom: 10px !important;padding-left: 10px !important;background-color: #ff1053 !important;}&#8221;]<\/p>\n<p class=\"titulito\">Complet\u00e1 ahora<\/p>\n<p>[\/vc_column_text][vc_icon icon_fontawesome=&#8221;fas fa-angle-down&#8221; color=&#8221;custom&#8221; size=&#8221;sm&#8221; align=&#8221;center&#8221; custom_color=&#8221;#ff1053&#8243; css=&#8221;.vc_custom_1654562104570{margin-top: -10px !important;margin-bottom: -10px !important;}&#8221;][vc_empty_space height=&#8221;1px&#8221;]<div class=\"wpforms-container wpforms-container-full wpforms-form-abandonment\" id=\"wpforms-7085\"><form id=\"wpforms-form-7085\" class=\"wpforms-validate wpforms-form wpforms-ajax-form\" data-formid=\"7085\" method=\"post\" enctype=\"multipart\/form-data\" action=\"\/site\/wp-json\/wp\/v2\/pages\/7669\" data-token=\"ffcbb0887b5957c22115871804346e7e\"><noscript class=\"wpforms-error-noscript\">Por favor, activa JavaScript en tu navegador para completar este formulario.<\/noscript><div class=\"wpforms-field-container\"><div id=\"wpforms-7085-field_18-container\" class=\"wpforms-field wpforms-field-hidden\" data-field-id=\"18\"><input type=\"hidden\" id=\"wpforms-7085-field_18\" name=\"wpforms[fields][18]\" value=\"https:\/\/www.casaignacio.com.ar\/site\/site\/wp-json\/wp\/v2\/pages\/7669\"><\/div><div id=\"wpforms-7085-field_19-container\" class=\"wpforms-field wpforms-field-select wpforms-field-select-style-classic\" data-field-id=\"19\"><label class=\"wpforms-field-label\" for=\"wpforms-7085-field_19\">\u00bfSos cliente de Casa Ignacio? <span class=\"wpforms-required-label\">*<\/span><\/label><select id=\"wpforms-7085-field_19\" class=\"wpforms-field-large wpforms-field-required\" name=\"wpforms[fields][19]\" required=\"required\"><option value=\"S\u00ed\"  selected='selected'>S\u00ed<\/option><option value=\"No\" >No<\/option><\/select><\/div><div id=\"wpforms-7085-field_3-container\" class=\"wpforms-field wpforms-field-number\" data-field-id=\"3\"><label class=\"wpforms-field-label\" for=\"wpforms-7085-field_3\">Libros: \u00bfcu\u00e1l es el n\u00famero estimado de copias anuales:? <span class=\"wpforms-required-label\">*<\/span><\/label><input type=\"number\" pattern=\"\\d*\" id=\"wpforms-7085-field_3\" class=\"wpforms-field-large wpforms-field-required\" name=\"wpforms[fields][3]\" required><\/div><div id=\"wpforms-7085-field_5-container\" class=\"wpforms-field wpforms-field-checkbox\" data-field-id=\"5\"><label class=\"wpforms-field-label\" for=\"wpforms-7085-field_5\">\u00bfQu\u00e9 tipos de libros que utilizan:? <span class=\"wpforms-required-label\">*<\/span><\/label><ul id=\"wpforms-7085-field_5\" class=\"wpforms-field-required\"><li class=\"choice-5 depth-1\"><input type=\"checkbox\" id=\"wpforms-7085-field_5_5\" name=\"wpforms[fields][5][]\" value=\"100 p\u00e1ginas\" required ><label class=\"wpforms-field-label-inline\" for=\"wpforms-7085-field_5_5\">100 p\u00e1ginas<\/label><\/li><li class=\"choice-6 depth-1\"><input type=\"checkbox\" id=\"wpforms-7085-field_5_6\" name=\"wpforms[fields][5][]\" value=\"250 p\u00e1ginas\" required ><label class=\"wpforms-field-label-inline\" for=\"wpforms-7085-field_5_6\">250 p\u00e1ginas<\/label><\/li><li class=\"choice-7 depth-1\"><input type=\"checkbox\" id=\"wpforms-7085-field_5_7\" name=\"wpforms[fields][5][]\" value=\"500 p\u00e1ginas\" required ><label class=\"wpforms-field-label-inline\" for=\"wpforms-7085-field_5_7\">500 p\u00e1ginas<\/label><\/li><li class=\"choice-8 depth-1\"><input type=\"checkbox\" id=\"wpforms-7085-field_5_8\" name=\"wpforms[fields][5][]\" value=\"1000 p\u00e1ginas\" required ><label class=\"wpforms-field-label-inline\" for=\"wpforms-7085-field_5_8\">1000 p\u00e1ginas<\/label><\/li><\/ul><\/div><div id=\"wpforms-7085-field_8-container\" class=\"wpforms-field wpforms-field-select wpforms-conditional-trigger wpforms-field-select-style-classic\" data-field-id=\"8\"><label class=\"wpforms-field-label\" for=\"wpforms-7085-field_8\">\u00bfUtiliz\u00e1s un software de gesti\u00f3n ERP? <span class=\"wpforms-required-label\">*<\/span><\/label><select id=\"wpforms-7085-field_8\" class=\"wpforms-field-large wpforms-field-required\" name=\"wpforms[fields][8]\" required=\"required\"><option value=\"No s\u00e9\"  selected='selected'>No s\u00e9<\/option><option value=\"S\u00ed\" >S\u00ed<\/option><option value=\"No\" >No<\/option><\/select><\/div><div id=\"wpforms-7085-field_14-container\" class=\"wpforms-field wpforms-field-text wpforms-conditional-field wpforms-conditional-show\" data-field-id=\"14\" style=\"display:none;\"><label class=\"wpforms-field-label wpforms-label-hide\" for=\"wpforms-7085-field_14\">\u00bfCu\u00e1l software:?<\/label><input type=\"text\" id=\"wpforms-7085-field_14\" class=\"wpforms-field-large\" name=\"wpforms[fields][14]\" placeholder=\"Contanos cu\u00e1l software de gesti\u00f3n\" ><\/div><div id=\"wpforms-7085-field_16-container\" class=\"wpforms-field wpforms-field-divider\" data-field-id=\"16\"><\/div><div id=\"wpforms-7085-field_2-container\" class=\"wpforms-field wpforms-field-text\" data-field-id=\"2\"><label class=\"wpforms-field-label wpforms-label-hide\" for=\"wpforms-7085-field_2\">Nombre <span class=\"wpforms-required-label\">*<\/span><\/label><input type=\"text\" id=\"wpforms-7085-field_2\" class=\"wpforms-field-large wpforms-field-required\" name=\"wpforms[fields][2]\" placeholder=\"Tu Nombre\" required><\/div><div id=\"wpforms-7085-field_13-container\" class=\"wpforms-field wpforms-field-text\" data-field-id=\"13\"><label class=\"wpforms-field-label wpforms-label-hide\" for=\"wpforms-7085-field_13\">Empresa<\/label><input type=\"text\" id=\"wpforms-7085-field_13\" class=\"wpforms-field-large\" name=\"wpforms[fields][13]\" placeholder=\"Tu empresa\" ><\/div><div id=\"wpforms-7085-field_10-container\" class=\"wpforms-field wpforms-field-email\" data-field-id=\"10\"><label class=\"wpforms-field-label wpforms-label-hide\" for=\"wpforms-7085-field_10\">E-mail <span class=\"wpforms-required-label\">*<\/span><\/label><input type=\"email\" id=\"wpforms-7085-field_10\" class=\"wpforms-field-large wpforms-field-required\" name=\"wpforms[fields][10]\" placeholder=\"Tu e-mail\" required><\/div><div id=\"wpforms-7085-field_11-container\" class=\"wpforms-field wpforms-field-text\" data-field-id=\"11\"><label class=\"wpforms-field-label wpforms-label-hide\" for=\"wpforms-7085-field_11\">Celular o tel\u00e9fono <span class=\"wpforms-required-label\">*<\/span><\/label><input type=\"text\" id=\"wpforms-7085-field_11\" class=\"wpforms-field-large wpforms-field-required wpforms-masked-input\" data-inputmask-mask=\"([9{3}]) [9{4}] - [9{4}]\" data-rule-empty-blanks=\"1\" name=\"wpforms[fields][11]\" placeholder=\"Tu celular o tel\u00e9fono\" required><\/div><\/div><div class=\"wpforms-submit-container\"><input type=\"hidden\" name=\"wpforms[id]\" value=\"7085\"><input type=\"hidden\" name=\"wpforms[author]\" value=\"1\"><button type=\"submit\" name=\"wpforms[submit]\" id=\"wpforms-submit-7085\" class=\"wpforms-submit\" data-alt-text=\"Enviando...\" data-submit-text=\"Enviar\" aria-live=\"assertive\" value=\"wpforms-submit\">Enviar<\/button><img loading=\"lazy\" decoding=\"async\" src=\"https:\/\/www.casaignacio.com.ar\/site\/wp-content\/plugins\/wpforms\/assets\/images\/submit-spin.svg\" class=\"wpforms-submit-spinner\" style=\"display: none;\" width=\"26\" height=\"26\" alt=\"\"><\/div><\/form><\/div>  <!-- .wpforms-container -->[\/vc_column_inner][\/vc_row_inner][\/vc_column][\/vc_row]<\/p>\n<\/div>","protected":false},"excerpt":{"rendered":"<p>[vc_row full_width=&#8221;stretch_row&#8221; content_placement=&#8221;middle&#8221; css=&#8221;.vc_custom_1660753507917{background-image: url(http:\/\/casaignacio.com.ar\/site\/wp-content\/uploads\/2022\/07\/mocklibros.jpg?id=7404) !important;}&#8221;][vc_column][vc_row_inner css=&#8221;.vc_custom_1511348417220{padding-top: 100px !important;padding-bottom: 100px !important;}&#8221;][vc_column_inner width=&#8221;1\/4&#8243;][\/vc_column_inner][vc_column_inner width=&#8221;1\/2&#8243;][vc_empty_space height=&#8221;30px&#8221;][vc_empty_space height=&#8221;30px&#8221;][vc_icon icon_fontawesome=&#8221;fas fa-arrow-down&#8221; color=&#8221;white&#8221; align=&#8221;center&#8221; css_animation=&#8221;bounceInDown&#8221;][\/vc_column_inner][vc_column_inner width=&#8221;1\/4&#8243;][\/vc_column_inner][\/vc_row_inner][\/vc_column][\/vc_row][vc_row full_width=&#8221;stretch_row&#8221;][vc_column css=&#8221;.vc_custom_1516095225433{padding-right: 0px !important;padding-left: 0px !important;}&#8221;][vc_row_inner [&hellip;]<\/p>\n","protected":false},"author":1,"featured_media":0,"parent":6991,"menu_order":0,"comment_status":"closed","ping_status":"closed","template":"","meta":{"rs_blank_template":"","rs_page_bg_color":"","slide_template_v7":"","footnotes":""},"class_list":["post-7669","page","type-page","status-publish","hentry"],"yoast_head":"<!-- This site is optimized with the Yoast SEO Premium plugin v22.3 (Yoast SEO v27.5) - https:\/\/yoast.com\/product\/yoast-seo-premium-wordpress\/ -->\n<title>Copiado de libros: obten\u00e9 el mejor Precio Global - Casa Ignacio Librer\u00eda Comercial<\/title>\n<meta name=\"description\" content=\"%\" \/>\n<meta name=\"robots\" content=\"index, follow, max-snippet:-1, max-image-preview:large, max-video-preview:-1\" \/>\n<link rel=\"canonical\" href=\"https:\/\/www.casaignacio.com.ar\/site\/landing\/copiado-de-libros-obtene-el-mejor-precio-global\/\" \/>\n<meta property=\"og:locale\" content=\"es_ES\" \/>\n<meta property=\"og:type\" content=\"article\" \/>\n<meta property=\"og:title\" content=\"Copiado de libros: obten\u00e9 el mejor Precio Global\" \/>\n<meta property=\"og:description\" content=\"%\" \/>\n<meta property=\"og:url\" content=\"https:\/\/www.casaignacio.com.ar\/site\/landing\/copiado-de-libros-obtene-el-mejor-precio-global\/\" \/>\n<meta property=\"og:site_name\" content=\"Casa Ignacio Librer\u00eda Comercial\" \/>\n<meta property=\"article:publisher\" content=\"https:\/\/www.facebook.com\/casaignacio\" \/>\n<meta property=\"article:modified_time\" content=\"2022-08-17T17:07:22+00:00\" \/>\n<meta property=\"og:image\" content=\"https:\/\/www.casaignacio.com.ar\/site\/wp-content\/uploads\/2023\/11\/copiado-lideres_header_blog.jpg\" \/>\n\t<meta property=\"og:image:width\" content=\"1024\" \/>\n\t<meta property=\"og:image:height\" content=\"576\" \/>\n\t<meta property=\"og:image:type\" content=\"image\/jpeg\" \/>\n<meta name=\"twitter:card\" content=\"summary_large_image\" \/>\n<meta name=\"twitter:label1\" content=\"Tiempo de lectura\" \/>\n\t<meta name=\"twitter:data1\" content=\"2 minutos\" \/>\n<script type=\"application\/ld+json\" class=\"yoast-schema-graph\">{\"@context\":\"https:\\\/\\\/schema.org\",\"@graph\":[{\"@type\":\"WebPage\",\"@id\":\"https:\\\/\\\/www.casaignacio.com.ar\\\/site\\\/landing\\\/copiado-de-libros-obtene-el-mejor-precio-global\\\/\",\"url\":\"https:\\\/\\\/www.casaignacio.com.ar\\\/site\\\/landing\\\/copiado-de-libros-obtene-el-mejor-precio-global\\\/\",\"name\":\"Copiado de libros: obten\u00e9 el mejor Precio Global - Casa Ignacio Librer\u00eda Comercial\",\"isPartOf\":{\"@id\":\"https:\\\/\\\/www.casaignacio.com.ar\\\/site\\\/#website\"},\"datePublished\":\"2022-08-17T16:23:03+00:00\",\"dateModified\":\"2022-08-17T17:07:22+00:00\",\"description\":\"%\",\"breadcrumb\":{\"@id\":\"https:\\\/\\\/www.casaignacio.com.ar\\\/site\\\/landing\\\/copiado-de-libros-obtene-el-mejor-precio-global\\\/#breadcrumb\"},\"inLanguage\":\"es\",\"potentialAction\":[{\"@type\":\"ReadAction\",\"target\":[\"https:\\\/\\\/www.casaignacio.com.ar\\\/site\\\/landing\\\/copiado-de-libros-obtene-el-mejor-precio-global\\\/\"]}]},{\"@type\":\"BreadcrumbList\",\"@id\":\"https:\\\/\\\/www.casaignacio.com.ar\\\/site\\\/landing\\\/copiado-de-libros-obtene-el-mejor-precio-global\\\/#breadcrumb\",\"itemListElement\":[{\"@type\":\"ListItem\",\"position\":1,\"name\":\"Inicio\",\"item\":\"https:\\\/\\\/www.casaignacio.com.ar\\\/site\\\/\"},{\"@type\":\"ListItem\",\"position\":2,\"name\":\"landing\",\"item\":\"https:\\\/\\\/www.casaignacio.com.ar\\\/site\\\/landing\\\/\"},{\"@type\":\"ListItem\",\"position\":3,\"name\":\"Copiado de libros: obten\u00e9 el mejor Precio Global\"}]},{\"@type\":\"WebSite\",\"@id\":\"https:\\\/\\\/www.casaignacio.com.ar\\\/site\\\/#website\",\"url\":\"https:\\\/\\\/www.casaignacio.com.ar\\\/site\\\/\",\"name\":\"Casa Ignacio - Librer\u00eda Comercial\",\"description\":\"Copiado de libros contables - R\u00fabricas - Sociedades - Seguros - Sistema de Gesti\u00f3n ERP - Liber\u00eda Comercial\",\"publisher\":{\"@id\":\"https:\\\/\\\/www.casaignacio.com.ar\\\/site\\\/#organization\"},\"alternateName\":\"Casa Ignacio\",\"potentialAction\":[{\"@type\":\"SearchAction\",\"target\":{\"@type\":\"EntryPoint\",\"urlTemplate\":\"https:\\\/\\\/www.casaignacio.com.ar\\\/site\\\/?s={search_term_string}\"},\"query-input\":{\"@type\":\"PropertyValueSpecification\",\"valueRequired\":true,\"valueName\":\"search_term_string\"}}],\"inLanguage\":\"es\"},{\"@type\":[\"Organization\",\"Place\"],\"@id\":\"https:\\\/\\\/www.casaignacio.com.ar\\\/site\\\/#organization\",\"name\":\"Casa Ignacio - Librer\u00eda Comercial\",\"alternateName\":\"Casa Ignacio S.A.\",\"url\":\"https:\\\/\\\/www.casaignacio.com.ar\\\/site\\\/\",\"logo\":{\"@id\":\"https:\\\/\\\/www.casaignacio.com.ar\\\/site\\\/landing\\\/copiado-de-libros-obtene-el-mejor-precio-global\\\/#local-main-organization-logo\"},\"image\":{\"@id\":\"https:\\\/\\\/www.casaignacio.com.ar\\\/site\\\/landing\\\/copiado-de-libros-obtene-el-mejor-precio-global\\\/#local-main-organization-logo\"},\"sameAs\":[\"https:\\\/\\\/www.facebook.com\\\/casaignacio\",\"https:\\\/\\\/www.instagram.com\\\/casa.ignacio\",\"https:\\\/\\\/www.linkedin.com\\\/company\\\/casa-ignacio\"],\"description\":\"Brindamos soluciones en copiado de libros contables, r\u00fabricas de libros, constituci\u00f3n de sociedades,copiado directo y software de gesti\u00f3n ERP\",\"legalName\":\"Casa Ignacio S.A.\",\"foundingDate\":\"1975-08-13\",\"numberOfEmployees\":{\"@type\":\"QuantitativeValue\",\"minValue\":\"11\",\"maxValue\":\"50\"},\"publishingPrinciples\":\"https:\\\/\\\/www.casaignacio.com.ar\\\/site\\\/terminos-y-condiciones\\\/\",\"actionableFeedbackPolicy\":\"https:\\\/\\\/www.casaignacio.com.ar\\\/site\\\/terminos-y-condiciones\\\/\",\"diversityStaffingReport\":\"https:\\\/\\\/www.casaignacio.com.ar\\\/site\\\/politica-privacidad\\\/\",\"telephone\":[],\"openingHoursSpecification\":[{\"@type\":\"OpeningHoursSpecification\",\"dayOfWeek\":[\"Monday\",\"Tuesday\",\"Wednesday\",\"Thursday\",\"Friday\",\"Saturday\",\"Sunday\"],\"opens\":\"09:00\",\"closes\":\"17:00\"}]},{\"@type\":\"ImageObject\",\"inLanguage\":\"es\",\"@id\":\"https:\\\/\\\/www.casaignacio.com.ar\\\/site\\\/landing\\\/copiado-de-libros-obtene-el-mejor-precio-global\\\/#local-main-organization-logo\",\"url\":\"https:\\\/\\\/www.casaignacio.com.ar\\\/site\\\/wp-content\\\/uploads\\\/2022\\\/06\\\/logo_casaigncio_300x300.png\",\"contentUrl\":\"https:\\\/\\\/www.casaignacio.com.ar\\\/site\\\/wp-content\\\/uploads\\\/2022\\\/06\\\/logo_casaigncio_300x300.png\",\"width\":300,\"height\":300,\"caption\":\"Casa Ignacio - Librer\u00eda Comercial\"}]}<\/script>\n<!-- \/ Yoast SEO Premium plugin. -->","yoast_head_json":{"title":"Copiado de libros: obten\u00e9 el mejor Precio Global - Casa Ignacio Librer\u00eda Comercial","description":"%","robots":{"index":"index","follow":"follow","max-snippet":"max-snippet:-1","max-image-preview":"max-image-preview:large","max-video-preview":"max-video-preview:-1"},"canonical":"https:\/\/www.casaignacio.com.ar\/site\/landing\/copiado-de-libros-obtene-el-mejor-precio-global\/","og_locale":"es_ES","og_type":"article","og_title":"Copiado de libros: obten\u00e9 el mejor Precio Global","og_description":"%","og_url":"https:\/\/www.casaignacio.com.ar\/site\/landing\/copiado-de-libros-obtene-el-mejor-precio-global\/","og_site_name":"Casa Ignacio Librer\u00eda Comercial","article_publisher":"https:\/\/www.facebook.com\/casaignacio","article_modified_time":"2022-08-17T17:07:22+00:00","og_image":[{"width":1024,"height":576,"url":"https:\/\/www.casaignacio.com.ar\/site\/wp-content\/uploads\/2023\/11\/copiado-lideres_header_blog.jpg","type":"image\/jpeg"}],"twitter_card":"summary_large_image","twitter_misc":{"Tiempo de lectura":"2 minutos"},"schema":{"@context":"https:\/\/schema.org","@graph":[{"@type":"WebPage","@id":"https:\/\/www.casaignacio.com.ar\/site\/landing\/copiado-de-libros-obtene-el-mejor-precio-global\/","url":"https:\/\/www.casaignacio.com.ar\/site\/landing\/copiado-de-libros-obtene-el-mejor-precio-global\/","name":"Copiado de libros: obten\u00e9 el mejor Precio Global - Casa Ignacio Librer\u00eda Comercial","isPartOf":{"@id":"https:\/\/www.casaignacio.com.ar\/site\/#website"},"datePublished":"2022-08-17T16:23:03+00:00","dateModified":"2022-08-17T17:07:22+00:00","description":"%","breadcrumb":{"@id":"https:\/\/www.casaignacio.com.ar\/site\/landing\/copiado-de-libros-obtene-el-mejor-precio-global\/#breadcrumb"},"inLanguage":"es","potentialAction":[{"@type":"ReadAction","target":["https:\/\/www.casaignacio.com.ar\/site\/landing\/copiado-de-libros-obtene-el-mejor-precio-global\/"]}]},{"@type":"BreadcrumbList","@id":"https:\/\/www.casaignacio.com.ar\/site\/landing\/copiado-de-libros-obtene-el-mejor-precio-global\/#breadcrumb","itemListElement":[{"@type":"ListItem","position":1,"name":"Inicio","item":"https:\/\/www.casaignacio.com.ar\/site\/"},{"@type":"ListItem","position":2,"name":"landing","item":"https:\/\/www.casaignacio.com.ar\/site\/landing\/"},{"@type":"ListItem","position":3,"name":"Copiado de libros: obten\u00e9 el mejor Precio Global"}]},{"@type":"WebSite","@id":"https:\/\/www.casaignacio.com.ar\/site\/#website","url":"https:\/\/www.casaignacio.com.ar\/site\/","name":"Casa Ignacio - Librer\u00eda Comercial","description":"Copiado de libros contables - R\u00fabricas - Sociedades - Seguros - Sistema de Gesti\u00f3n ERP - Liber\u00eda Comercial","publisher":{"@id":"https:\/\/www.casaignacio.com.ar\/site\/#organization"},"alternateName":"Casa Ignacio","potentialAction":[{"@type":"SearchAction","target":{"@type":"EntryPoint","urlTemplate":"https:\/\/www.casaignacio.com.ar\/site\/?s={search_term_string}"},"query-input":{"@type":"PropertyValueSpecification","valueRequired":true,"valueName":"search_term_string"}}],"inLanguage":"es"},{"@type":["Organization","Place"],"@id":"https:\/\/www.casaignacio.com.ar\/site\/#organization","name":"Casa Ignacio - Librer\u00eda Comercial","alternateName":"Casa Ignacio S.A.","url":"https:\/\/www.casaignacio.com.ar\/site\/","logo":{"@id":"https:\/\/www.casaignacio.com.ar\/site\/landing\/copiado-de-libros-obtene-el-mejor-precio-global\/#local-main-organization-logo"},"image":{"@id":"https:\/\/www.casaignacio.com.ar\/site\/landing\/copiado-de-libros-obtene-el-mejor-precio-global\/#local-main-organization-logo"},"sameAs":["https:\/\/www.facebook.com\/casaignacio","https:\/\/www.instagram.com\/casa.ignacio","https:\/\/www.linkedin.com\/company\/casa-ignacio"],"description":"Brindamos soluciones en copiado de libros contables, r\u00fabricas de libros, constituci\u00f3n de sociedades,copiado directo y software de gesti\u00f3n ERP","legalName":"Casa Ignacio S.A.","foundingDate":"1975-08-13","numberOfEmployees":{"@type":"QuantitativeValue","minValue":"11","maxValue":"50"},"publishingPrinciples":"https:\/\/www.casaignacio.com.ar\/site\/terminos-y-condiciones\/","actionableFeedbackPolicy":"https:\/\/www.casaignacio.com.ar\/site\/terminos-y-condiciones\/","diversityStaffingReport":"https:\/\/www.casaignacio.com.ar\/site\/politica-privacidad\/","telephone":[],"openingHoursSpecification":[{"@type":"OpeningHoursSpecification","dayOfWeek":["Monday","Tuesday","Wednesday","Thursday","Friday","Saturday","Sunday"],"opens":"09:00","closes":"17:00"}]},{"@type":"ImageObject","inLanguage":"es","@id":"https:\/\/www.casaignacio.com.ar\/site\/landing\/copiado-de-libros-obtene-el-mejor-precio-global\/#local-main-organization-logo","url":"https:\/\/www.casaignacio.com.ar\/site\/wp-content\/uploads\/2022\/06\/logo_casaigncio_300x300.png","contentUrl":"https:\/\/www.casaignacio.com.ar\/site\/wp-content\/uploads\/2022\/06\/logo_casaigncio_300x300.png","width":300,"height":300,"caption":"Casa Ignacio - Librer\u00eda Comercial"}]}},"_links":{"self":[{"href":"https:\/\/www.casaignacio.com.ar\/site\/wp-json\/wp\/v2\/pages\/7669","targetHints":{"allow":["GET"]}}],"collection":[{"href":"https:\/\/www.casaignacio.com.ar\/site\/wp-json\/wp\/v2\/pages"}],"about":[{"href":"https:\/\/www.casaignacio.com.ar\/site\/wp-json\/wp\/v2\/types\/page"}],"author":[{"embeddable":true,"href":"https:\/\/www.casaignacio.com.ar\/site\/wp-json\/wp\/v2\/users\/1"}],"replies":[{"embeddable":true,"href":"https:\/\/www.casaignacio.com.ar\/site\/wp-json\/wp\/v2\/comments?post=7669"}],"version-history":[{"count":11,"href":"https:\/\/www.casaignacio.com.ar\/site\/wp-json\/wp\/v2\/pages\/7669\/revisions"}],"predecessor-version":[{"id":7676,"href":"https:\/\/www.casaignacio.com.ar\/site\/wp-json\/wp\/v2\/pages\/7669\/revisions\/7676"}],"up":[{"embeddable":true,"href":"https:\/\/www.casaignacio.com.ar\/site\/wp-json\/wp\/v2\/pages\/6991"}],"wp:attachment":[{"href":"https:\/\/www.casaignacio.com.ar\/site\/wp-json\/wp\/v2\/media?parent=7669"}],"curies":[{"name":"wp","href":"https:\/\/api.w.org\/{rel}","templated":true}]}}