{"id":6696,"date":"2018-11-02T17:19:14","date_gmt":"2018-11-02T20:19:14","guid":{"rendered":"http:\/\/casaignacio.com.ar\/site\/pages\/constituciondesociedades-copy\/"},"modified":"2023-09-11T15:58:57","modified_gmt":"2023-09-11T18:58:57","slug":"encuadernacion","status":"publish","type":"page","link":"https:\/\/www.casaignacio.com.ar\/site\/pages\/encuadernacion\/","title":{"rendered":"Encuadernacion"},"content":{"rendered":"<div class=\"wpb-content-wrapper\"><p>[vc_row full_width=&#8221;stretch_row&#8221; css=&#8221;.vc_custom_1542904643130{padding-top: 150px !important;padding-bottom: 250px !important;background-image: url(http:\/\/casaignacio.com.ar\/site\/wp-content\/uploads\/2018\/11\/encuadernacion-1.jpg?id=6786) !important;background-position: center !important;background-repeat: no-repeat !important;background-size: cover !important;}&#8221;][vc_column]<header class=\"kd-section-title vc_col-lg-6 vc_col-sm-8 text-center solid-line sep-border-width-2     vc_custom_1542904279632\" ><h1 class=\"separator_on\" style=\"color: #ffffff;\">Encuadernaci\u00f3n<\/h1><div class=\"kd-separator below_title\" ><div class=\"kd-separator-line\" style=\"border-color:#ffffff\"><\/div><\/div><h6 class=\"subtitle \" style=\"color: #ffffff;\">Resguardar la informaci\u00f3n de tu empresa y darle una excelente presentaci\u00f3n, es el valor agregado que nosotros tenemos para vos.<\/h6><\/header>[\/vc_column][\/vc_row][vc_row css=&#8221;.vc_custom_1515772013486{padding-top: 100px !important;}&#8221;][vc_column css=&#8221;.vc_custom_1515772123629{padding-right: 0px !important;padding-left: 0px !important;}&#8221;]<header class=\"kd-section-title vc_col-lg-6 vc_col-sm-8 text-center solid-line sep-border-width-2     vc_custom_1541198872548\" ><h2 class=\"separator_on\" >La mejor encuadernaci\u00f3n que tus libros necesitan<\/h2><div class=\"kd-separator below_title\" ><div class=\"kd-separator-line\" ><\/div><\/div><h6 class=\"subtitle \" >43 a\u00f1os protegiendo la informaci\u00f3n m\u00e1s valiosa de tu empresa.<\/h6><\/header>[vc_row_inner css=&#8221;.vc_custom_1515772037042{padding-bottom: 100px !important;}&#8221;][vc_column_inner]<div class=\"features-tabs kd-tabswrapper-4888869d1afe147730 tabs-image-right \">\r\n\t\t\t\t<div id=\"kd-extab-8760069d1afe147d9c\">\r\n\t\t\t\t<div class=\"tab-image-container\"><img loading=\"lazy\" decoding=\"async\" width=\"760\" height=\"520\" src=\"https:\/\/www.casaignacio.com.ar\/site\/wp-content\/uploads\/2018\/11\/copiador.jpg\" class=\"attachment-full\" alt=\"Encuadernaci\u00f3n - Libro Copiador\" title=\"Encuadernaci\u00f3n - Libro Copiador\" srcset=\"https:\/\/www.casaignacio.com.ar\/site\/wp-content\/uploads\/2018\/11\/copiador.jpg 760w, https:\/\/www.casaignacio.com.ar\/site\/wp-content\/uploads\/2018\/11\/copiador-300x205.jpg 300w, https:\/\/www.casaignacio.com.ar\/site\/wp-content\/uploads\/2018\/11\/copiador-600x411.jpg 600w\" sizes=\"auto, (max-width: 760px) 100vw, 760px\" \/><\/div>\r\n\t\t\t\t<li class=\"tab col-md-4\">\r\n\t\t\t\t\t<a href=\"#kd-extab-8760069d1afe147d9c\">\r\n\t\t\t\t\t\t<h4>Confecci\u00f3n artesanal<\/h4><p>Costura en lomo reforzada. Encolada y Cosida a mano.<\/p><\/a><\/li><\/div><div id=\"kd-extab-4095869d1afe147e43\">\r\n\t\t\t\t<div class=\"tab-image-container\"><img loading=\"lazy\" decoding=\"async\" width=\"760\" height=\"520\" src=\"https:\/\/www.casaignacio.com.ar\/site\/wp-content\/uploads\/2018\/11\/copiador.jpg\" class=\"attachment-full\" alt=\"Encuadernaci\u00f3n - Libro Copiador\" title=\"Encuadernaci\u00f3n - Libro Copiador\" srcset=\"https:\/\/www.casaignacio.com.ar\/site\/wp-content\/uploads\/2018\/11\/copiador.jpg 760w, https:\/\/www.casaignacio.com.ar\/site\/wp-content\/uploads\/2018\/11\/copiador-300x205.jpg 300w, https:\/\/www.casaignacio.com.ar\/site\/wp-content\/uploads\/2018\/11\/copiador-600x411.jpg 600w\" sizes=\"auto, (max-width: 760px) 100vw, 760px\" \/><\/div>\r\n\t\t\t\t<li class=\"tab col-md-4\">\r\n\t\t\t\t\t<a href=\"#kd-extab-4095869d1afe147e43\">\r\n\t\t\t\t\t\t<h4>Exclusiva terminaci\u00f3n<\/h4><p>Inscripci\u00f3n en dorado en tapa y lomo.<\/p><\/a><\/li><\/div><div id=\"kd-extab-5436369d1afe147edf\">\r\n\t\t\t\t<div class=\"tab-image-container\"><img loading=\"lazy\" decoding=\"async\" width=\"760\" height=\"520\" src=\"https:\/\/www.casaignacio.com.ar\/site\/wp-content\/uploads\/2018\/11\/copiador.jpg\" class=\"attachment-full\" alt=\"Encuadernaci\u00f3n - Libro Copiador\" title=\"Encuadernaci\u00f3n - Libro Copiador\" srcset=\"https:\/\/www.casaignacio.com.ar\/site\/wp-content\/uploads\/2018\/11\/copiador.jpg 760w, https:\/\/www.casaignacio.com.ar\/site\/wp-content\/uploads\/2018\/11\/copiador-300x205.jpg 300w, https:\/\/www.casaignacio.com.ar\/site\/wp-content\/uploads\/2018\/11\/copiador-600x411.jpg 600w\" sizes=\"auto, (max-width: 760px) 100vw, 760px\" \/><\/div>\r\n\t\t\t\t<li class=\"tab col-md-4\">\r\n\t\t\t\t\t<a href=\"#kd-extab-5436369d1afe147edf\">\r\n\t\t\t\t\t\t<h4>Personalizable<\/h4><p>Tapas forradas en cuerina de varios colores.<\/p><\/a><\/li><\/div>\r\n    \t\t\t<ul class=\"tabs\"><\/ul>\r\n\t\t\t<\/div>[\/vc_column_inner][\/vc_row_inner][\/vc_column][\/vc_row][vc_row full_width=&#8221;stretch_row&#8221; css=&#8221;.vc_custom_1541201927624{background-color: #1d3893 !important;}&#8221;][vc_column css=&#8221;.vc_custom_1516095225433{padding-right: 0px !important;padding-left: 0px !important;}&#8221;][vc_row_inner css=&#8221;.vc_custom_1515166371656{padding-top: 100px !important;padding-bottom: 100px !important;}&#8221;][vc_column_inner width=&#8221;1\/2&#8243; css=&#8221;.vc_custom_1515166784808{padding-top: 50px !important;}&#8221;]<header class=\"kd-section-title col-lg-12 text-left solid-line sep-border-width-2    \" ><h2 class=\"separator_on\" style=\"color: #ffffff;\">Reparamos y ponemos en valor libros antiguos<\/h2><div class=\"kd-separator below_title\" ><div class=\"kd-separator-line\" ><\/div><\/div><h6 class=\"subtitle \" style=\"color: #ffffff;\">Con nuestros artesanos podr\u00e1s encuadernar tambi\u00e9n...<\/h6><\/header>[vc_column_text]<\/p>\n<ul>\n<li><span style=\"color: #ffffff;\">Libros de biblioteca<\/span><\/li>\n<li><span style=\"color: #ffffff;\">Enciclopedias<\/span><\/li>\n<li><span style=\"color: #ffffff;\">Tesis\u00a0<\/span><\/li>\n<\/ul>\n<p>[\/vc_column_text][vc_column_text]<\/p>\n<ul>\n<li><span style=\"color: #ffffff;\">Trabajos universitarios<\/span><\/li>\n<li><span style=\"color: #ffffff;\">Archivos period\u00edsticos<\/span><\/li>\n<li><span style=\"color: #ffffff;\">Photo Books<\/span><\/li>\n<\/ul>\n<p>[\/vc_column_text][\/vc_column_inner][vc_column_inner width=&#8221;1\/6&#8243;][\/vc_column_inner][vc_column_inner width=&#8221;1\/3&#8243;][vc_custom_heading text=&#8221;Completa tus datos&#8221; font_container=&#8221;tag:h4|text_align:left|color:%23ffffff&#8221; use_theme_fonts=&#8221;yes&#8221;]<div class=\"wpforms-container wpforms-container-full wpforms-form-abandonment\" id=\"wpforms-9360\"><form id=\"wpforms-form-9360\" class=\"wpforms-validate wpforms-form wpforms-ajax-form\" data-formid=\"9360\" method=\"post\" enctype=\"multipart\/form-data\" action=\"\/site\/wp-json\/wp\/v2\/pages\/6696\" data-token=\"94dacfe050bd57c1184e7f9c076026e4\"><noscript class=\"wpforms-error-noscript\">Por favor, activa JavaScript en tu navegador para completar este formulario.<\/noscript><div class=\"wpforms-field-container\"><div id=\"wpforms-9360-field_20-container\" class=\"wpforms-field wpforms-field-hidden\" data-field-id=\"20\"><input type=\"hidden\" id=\"wpforms-9360-field_20\" name=\"wpforms[fields][20]\" value=\"https:\/\/www.casaignacio.com.ar\/site\/site\/wp-json\/wp\/v2\/pages\/6696\"><\/div><div id=\"wpforms-9360-field_2-container\" class=\"wpforms-field wpforms-field-text\" data-field-id=\"2\"><label class=\"wpforms-field-label wpforms-label-hide\" for=\"wpforms-9360-field_2\">Nombre <span class=\"wpforms-required-label\">*<\/span><\/label><input type=\"text\" id=\"wpforms-9360-field_2\" class=\"wpforms-field-large wpforms-field-required\" name=\"wpforms[fields][2]\" placeholder=\"Tu nombre\" required><\/div><div id=\"wpforms-9360-field_10-container\" class=\"wpforms-field wpforms-field-email\" data-field-id=\"10\"><label class=\"wpforms-field-label wpforms-label-hide\" for=\"wpforms-9360-field_10\">E-mail <span class=\"wpforms-required-label\">*<\/span><\/label><input type=\"email\" id=\"wpforms-9360-field_10\" class=\"wpforms-field-large wpforms-field-required\" name=\"wpforms[fields][10]\" placeholder=\"Tu e-mail\" required><\/div><div id=\"wpforms-9360-field_27-container\" class=\"wpforms-field wpforms-field-text\" data-field-id=\"27\"><label class=\"wpforms-field-label wpforms-label-hide\" for=\"wpforms-9360-field_27\">Tu celular o tel\u00e9fono (copia)<\/label><input type=\"text\" id=\"wpforms-9360-field_27\" class=\"wpforms-field-large wpforms-masked-input\" data-inputmask-mask=\"([9{3}]) [9{4}] - [9{4}]\" data-rule-empty-blanks=\"1\" name=\"wpforms[fields][27]\" placeholder=\"Celular o tel\u00e9fono\" ><\/div><div id=\"wpforms-9360-field_29-container\" class=\"wpforms-field wpforms-field-select wpforms-conditional-trigger wpforms-field-select-style-classic\" data-field-id=\"29\"><label class=\"wpforms-field-label wpforms-label-hide\" for=\"wpforms-9360-field_29\">Te gustar\u00eda recibir informaci\u00f3n\/cotizaci\u00f3n de: <span class=\"wpforms-required-label\">*<\/span><\/label><select id=\"wpforms-9360-field_29\" class=\"wpforms-field-large wpforms-field-required\" name=\"wpforms[fields][29]\" required=\"required\"><option value=\"\" class=\"placeholder\" disabled  selected='selected'>Qu\u00e9res informaci\u00f3n de:<\/option><option value=\"Libro\" >Libro<\/option><option value=\"Enciclopedia\" >Enciclopedia<\/option><option value=\"Tesis\" >Tesis<\/option><option value=\"Archivos\" >Archivos<\/option><option value=\"Photo books\" >Photo books<\/option><option value=\"Otros\" >Otros<\/option><\/select><\/div><div id=\"wpforms-9360-field_18-container\" class=\"wpforms-field wpforms-field-text wpforms-conditional-field wpforms-conditional-show\" data-field-id=\"18\" style=\"display:none;\"><label class=\"wpforms-field-label\" for=\"wpforms-9360-field_18\">\u00bfCu\u00e1l\/es otro\/s?<\/label><input type=\"text\" id=\"wpforms-9360-field_18\" class=\"wpforms-field-large\" name=\"wpforms[fields][18]\" ><\/div><div id=\"wpforms-9360-field_28-container\" class=\"wpforms-field wpforms-field-textarea\" data-field-id=\"28\"><label class=\"wpforms-field-label wpforms-label-hide\" for=\"wpforms-9360-field_28\">Tu mensaje<\/label><textarea id=\"wpforms-9360-field_28\" class=\"wpforms-field-medium\" name=\"wpforms[fields][28]\" placeholder=\"Tu mensaje\" ><\/textarea><\/div><\/div><div class=\"wpforms-submit-container\"><input type=\"hidden\" name=\"wpforms[id]\" value=\"9360\"><input type=\"hidden\" name=\"wpforms[author]\" value=\"1\"><button type=\"submit\" name=\"wpforms[submit]\" id=\"wpforms-submit-9360\" class=\"wpforms-submit\" data-alt-text=\"Enviando...\" data-submit-text=\"Enviar\" aria-live=\"assertive\" value=\"wpforms-submit\">Enviar<\/button><img loading=\"lazy\" decoding=\"async\" src=\"https:\/\/www.casaignacio.com.ar\/site\/wp-content\/plugins\/wpforms\/assets\/images\/submit-spin.svg\" class=\"wpforms-submit-spinner\" style=\"display: none;\" width=\"26\" height=\"26\" alt=\"\"><\/div><\/form><\/div>  <!-- .wpforms-container -->[\/vc_column_inner][\/vc_row_inner][\/vc_column][\/vc_row][vc_row full_width=&#8221;stretch_row&#8221; disable_element=&#8221;yes&#8221; css=&#8221;.vc_custom_1680618866495{background-color: #545454 !important;}&#8221;][vc_column]<div class=\"kd-calltoaction no_icon \" >\n                <div class=\"container\"><div class=\"cta-text\">\n                        <h3 style=\"color: #ffffff;\">\u00bf Conoces nuestra nueva tienda online de regalos empresariales ?<\/h3>\n                        <p style=\"color: #ffffff;\">Los regalos para tus clientes y empleados a un click de distancia<\/p>\n                    <\/div>\n                    <div class=\"cta-btncontainer\"><a href=\"\"   class=\"tt_button   kd-animated zoomIn\" data-animation-delay=\"200\">Tienda Online<\/a><\/div>\n                <\/div>\n            <\/div>[\/vc_column][\/vc_row]<\/p>\n<\/div>","protected":false},"excerpt":{"rendered":"<p>[vc_row full_width=&#8221;stretch_row&#8221; css=&#8221;.vc_custom_1542904643130{padding-top: 150px !important;padding-bottom: 250px !important;background-image: url(http:\/\/casaignacio.com.ar\/site\/wp-content\/uploads\/2018\/11\/encuadernacion-1.jpg?id=6786) !important;background-position: center !important;background-repeat: no-repeat !important;background-size: cover !important;}&#8221;][vc_column][\/vc_column][\/vc_row][vc_row css=&#8221;.vc_custom_1515772013486{padding-top: 100px !important;}&#8221;][vc_column css=&#8221;.vc_custom_1515772123629{padding-right: 0px !important;padding-left: 0px !important;}&#8221;][vc_row_inner css=&#8221;.vc_custom_1515772037042{padding-bottom: 100px !important;}&#8221;][vc_column_inner][\/vc_column_inner][\/vc_row_inner][\/vc_column][\/vc_row][vc_row full_width=&#8221;stretch_row&#8221; [&hellip;]<\/p>\n","protected":false},"author":1,"featured_media":0,"parent":6172,"menu_order":0,"comment_status":"closed","ping_status":"open","template":"","meta":{"content-type":"","footnotes":""},"class_list":["post-6696","page","type-page","status-publish","hentry"],"yoast_head":"<!-- This site is optimized with the Yoast SEO Premium plugin v22.3 (Yoast SEO v27.3) - https:\/\/yoast.com\/product\/yoast-seo-premium-wordpress\/ -->\n<title>Encuadernacion - Casa Ignacio Librer\u00eda Comercial<\/title>\n<meta name=\"description\" content=\"%\" \/>\n<meta name=\"robots\" content=\"index, follow, max-snippet:-1, max-image-preview:large, max-video-preview:-1\" \/>\n<link rel=\"canonical\" href=\"https:\/\/www.casaignacio.com.ar\/site\/pages\/encuadernacion\/\" \/>\n<meta property=\"og:locale\" content=\"es_ES\" \/>\n<meta property=\"og:type\" content=\"article\" \/>\n<meta property=\"og:title\" content=\"Encuadernacion\" \/>\n<meta property=\"og:description\" content=\"%\" \/>\n<meta property=\"og:url\" content=\"https:\/\/www.casaignacio.com.ar\/site\/pages\/encuadernacion\/\" \/>\n<meta property=\"og:site_name\" content=\"Casa Ignacio Librer\u00eda Comercial\" \/>\n<meta property=\"article:publisher\" content=\"https:\/\/www.facebook.com\/casaignacio\" \/>\n<meta property=\"article:modified_time\" content=\"2023-09-11T18:58:57+00:00\" \/>\n<meta property=\"og:image\" content=\"https:\/\/www.casaignacio.com.ar\/site\/wp-content\/uploads\/2023\/11\/copiado-lideres_header_blog.jpg\" \/>\n\t<meta property=\"og:image:width\" content=\"1024\" \/>\n\t<meta property=\"og:image:height\" content=\"576\" \/>\n\t<meta property=\"og:image:type\" content=\"image\/jpeg\" \/>\n<meta name=\"twitter:card\" content=\"summary_large_image\" \/>\n<meta name=\"twitter:label1\" content=\"Tiempo de lectura\" \/>\n\t<meta name=\"twitter:data1\" content=\"3 minutos\" \/>\n<script type=\"application\/ld+json\" class=\"yoast-schema-graph\">{\"@context\":\"https:\\\/\\\/schema.org\",\"@graph\":[{\"@type\":\"WebPage\",\"@id\":\"https:\\\/\\\/www.casaignacio.com.ar\\\/site\\\/pages\\\/encuadernacion\\\/\",\"url\":\"https:\\\/\\\/www.casaignacio.com.ar\\\/site\\\/pages\\\/encuadernacion\\\/\",\"name\":\"Encuadernacion - Casa Ignacio Librer\u00eda Comercial\",\"isPartOf\":{\"@id\":\"https:\\\/\\\/www.casaignacio.com.ar\\\/site\\\/#website\"},\"datePublished\":\"2018-11-02T20:19:14+00:00\",\"dateModified\":\"2023-09-11T18:58:57+00:00\",\"description\":\"%\",\"breadcrumb\":{\"@id\":\"https:\\\/\\\/www.casaignacio.com.ar\\\/site\\\/pages\\\/encuadernacion\\\/#breadcrumb\"},\"inLanguage\":\"es\",\"potentialAction\":[{\"@type\":\"ReadAction\",\"target\":[\"https:\\\/\\\/www.casaignacio.com.ar\\\/site\\\/pages\\\/encuadernacion\\\/\"]}]},{\"@type\":\"BreadcrumbList\",\"@id\":\"https:\\\/\\\/www.casaignacio.com.ar\\\/site\\\/pages\\\/encuadernacion\\\/#breadcrumb\",\"itemListElement\":[{\"@type\":\"ListItem\",\"position\":1,\"name\":\"Inicio\",\"item\":\"https:\\\/\\\/www.casaignacio.com.ar\\\/site\\\/\"},{\"@type\":\"ListItem\",\"position\":2,\"name\":\"Pages\",\"item\":\"https:\\\/\\\/www.casaignacio.com.ar\\\/site\\\/pages\\\/\"},{\"@type\":\"ListItem\",\"position\":3,\"name\":\"Encuadernacion\"}]},{\"@type\":\"WebSite\",\"@id\":\"https:\\\/\\\/www.casaignacio.com.ar\\\/site\\\/#website\",\"url\":\"https:\\\/\\\/www.casaignacio.com.ar\\\/site\\\/\",\"name\":\"Casa Ignacio - Librer\u00eda Comercial\",\"description\":\"Copiado de libros contables - R\u00fabricas - Sociedades - Seguros - Sistema de Gesti\u00f3n ERP - Liber\u00eda Comercial\",\"publisher\":{\"@id\":\"https:\\\/\\\/www.casaignacio.com.ar\\\/site\\\/#organization\"},\"alternateName\":\"Casa Ignacio\",\"potentialAction\":[{\"@type\":\"SearchAction\",\"target\":{\"@type\":\"EntryPoint\",\"urlTemplate\":\"https:\\\/\\\/www.casaignacio.com.ar\\\/site\\\/?s={search_term_string}\"},\"query-input\":{\"@type\":\"PropertyValueSpecification\",\"valueRequired\":true,\"valueName\":\"search_term_string\"}}],\"inLanguage\":\"es\"},{\"@type\":[\"Organization\",\"Place\"],\"@id\":\"https:\\\/\\\/www.casaignacio.com.ar\\\/site\\\/#organization\",\"name\":\"Casa Ignacio - Librer\u00eda Comercial\",\"alternateName\":\"Casa Ignacio S.A.\",\"url\":\"https:\\\/\\\/www.casaignacio.com.ar\\\/site\\\/\",\"logo\":{\"@id\":\"https:\\\/\\\/www.casaignacio.com.ar\\\/site\\\/pages\\\/encuadernacion\\\/#local-main-organization-logo\"},\"image\":{\"@id\":\"https:\\\/\\\/www.casaignacio.com.ar\\\/site\\\/pages\\\/encuadernacion\\\/#local-main-organization-logo\"},\"sameAs\":[\"https:\\\/\\\/www.facebook.com\\\/casaignacio\",\"https:\\\/\\\/www.instagram.com\\\/casa.ignacio\",\"https:\\\/\\\/www.linkedin.com\\\/company\\\/casa-ignacio\"],\"description\":\"Brindamos soluciones en copiado de libros contables, r\u00fabricas de libros, constituci\u00f3n de sociedades,copiado directo y software de gesti\u00f3n ERP\",\"legalName\":\"Casa Ignacio S.A.\",\"foundingDate\":\"1975-08-13\",\"numberOfEmployees\":{\"@type\":\"QuantitativeValue\",\"minValue\":\"11\",\"maxValue\":\"50\"},\"publishingPrinciples\":\"https:\\\/\\\/www.casaignacio.com.ar\\\/site\\\/terminos-y-condiciones\\\/\",\"actionableFeedbackPolicy\":\"https:\\\/\\\/www.casaignacio.com.ar\\\/site\\\/terminos-y-condiciones\\\/\",\"diversityStaffingReport\":\"https:\\\/\\\/www.casaignacio.com.ar\\\/site\\\/politica-privacidad\\\/\",\"telephone\":[],\"openingHoursSpecification\":[{\"@type\":\"OpeningHoursSpecification\",\"dayOfWeek\":[\"Monday\",\"Tuesday\",\"Wednesday\",\"Thursday\",\"Friday\",\"Saturday\",\"Sunday\"],\"opens\":\"09:00\",\"closes\":\"17:00\"}]},{\"@type\":\"ImageObject\",\"inLanguage\":\"es\",\"@id\":\"https:\\\/\\\/www.casaignacio.com.ar\\\/site\\\/pages\\\/encuadernacion\\\/#local-main-organization-logo\",\"url\":\"https:\\\/\\\/www.casaignacio.com.ar\\\/site\\\/wp-content\\\/uploads\\\/2022\\\/06\\\/logo_casaigncio_300x300.png\",\"contentUrl\":\"https:\\\/\\\/www.casaignacio.com.ar\\\/site\\\/wp-content\\\/uploads\\\/2022\\\/06\\\/logo_casaigncio_300x300.png\",\"width\":300,\"height\":300,\"caption\":\"Casa Ignacio - Librer\u00eda Comercial\"}]}<\/script>\n<!-- \/ Yoast SEO Premium plugin. -->","yoast_head_json":{"title":"Encuadernacion - Casa Ignacio Librer\u00eda Comercial","description":"%","robots":{"index":"index","follow":"follow","max-snippet":"max-snippet:-1","max-image-preview":"max-image-preview:large","max-video-preview":"max-video-preview:-1"},"canonical":"https:\/\/www.casaignacio.com.ar\/site\/pages\/encuadernacion\/","og_locale":"es_ES","og_type":"article","og_title":"Encuadernacion","og_description":"%","og_url":"https:\/\/www.casaignacio.com.ar\/site\/pages\/encuadernacion\/","og_site_name":"Casa Ignacio Librer\u00eda Comercial","article_publisher":"https:\/\/www.facebook.com\/casaignacio","article_modified_time":"2023-09-11T18:58:57+00:00","og_image":[{"width":1024,"height":576,"url":"https:\/\/www.casaignacio.com.ar\/site\/wp-content\/uploads\/2023\/11\/copiado-lideres_header_blog.jpg","type":"image\/jpeg"}],"twitter_card":"summary_large_image","twitter_misc":{"Tiempo de lectura":"3 minutos"},"schema":{"@context":"https:\/\/schema.org","@graph":[{"@type":"WebPage","@id":"https:\/\/www.casaignacio.com.ar\/site\/pages\/encuadernacion\/","url":"https:\/\/www.casaignacio.com.ar\/site\/pages\/encuadernacion\/","name":"Encuadernacion - Casa Ignacio Librer\u00eda Comercial","isPartOf":{"@id":"https:\/\/www.casaignacio.com.ar\/site\/#website"},"datePublished":"2018-11-02T20:19:14+00:00","dateModified":"2023-09-11T18:58:57+00:00","description":"%","breadcrumb":{"@id":"https:\/\/www.casaignacio.com.ar\/site\/pages\/encuadernacion\/#breadcrumb"},"inLanguage":"es","potentialAction":[{"@type":"ReadAction","target":["https:\/\/www.casaignacio.com.ar\/site\/pages\/encuadernacion\/"]}]},{"@type":"BreadcrumbList","@id":"https:\/\/www.casaignacio.com.ar\/site\/pages\/encuadernacion\/#breadcrumb","itemListElement":[{"@type":"ListItem","position":1,"name":"Inicio","item":"https:\/\/www.casaignacio.com.ar\/site\/"},{"@type":"ListItem","position":2,"name":"Pages","item":"https:\/\/www.casaignacio.com.ar\/site\/pages\/"},{"@type":"ListItem","position":3,"name":"Encuadernacion"}]},{"@type":"WebSite","@id":"https:\/\/www.casaignacio.com.ar\/site\/#website","url":"https:\/\/www.casaignacio.com.ar\/site\/","name":"Casa Ignacio - Librer\u00eda Comercial","description":"Copiado de libros contables - R\u00fabricas - Sociedades - Seguros - Sistema de Gesti\u00f3n ERP - Liber\u00eda Comercial","publisher":{"@id":"https:\/\/www.casaignacio.com.ar\/site\/#organization"},"alternateName":"Casa Ignacio","potentialAction":[{"@type":"SearchAction","target":{"@type":"EntryPoint","urlTemplate":"https:\/\/www.casaignacio.com.ar\/site\/?s={search_term_string}"},"query-input":{"@type":"PropertyValueSpecification","valueRequired":true,"valueName":"search_term_string"}}],"inLanguage":"es"},{"@type":["Organization","Place"],"@id":"https:\/\/www.casaignacio.com.ar\/site\/#organization","name":"Casa Ignacio - Librer\u00eda Comercial","alternateName":"Casa Ignacio S.A.","url":"https:\/\/www.casaignacio.com.ar\/site\/","logo":{"@id":"https:\/\/www.casaignacio.com.ar\/site\/pages\/encuadernacion\/#local-main-organization-logo"},"image":{"@id":"https:\/\/www.casaignacio.com.ar\/site\/pages\/encuadernacion\/#local-main-organization-logo"},"sameAs":["https:\/\/www.facebook.com\/casaignacio","https:\/\/www.instagram.com\/casa.ignacio","https:\/\/www.linkedin.com\/company\/casa-ignacio"],"description":"Brindamos soluciones en copiado de libros contables, r\u00fabricas de libros, constituci\u00f3n de sociedades,copiado directo y software de gesti\u00f3n ERP","legalName":"Casa Ignacio S.A.","foundingDate":"1975-08-13","numberOfEmployees":{"@type":"QuantitativeValue","minValue":"11","maxValue":"50"},"publishingPrinciples":"https:\/\/www.casaignacio.com.ar\/site\/terminos-y-condiciones\/","actionableFeedbackPolicy":"https:\/\/www.casaignacio.com.ar\/site\/terminos-y-condiciones\/","diversityStaffingReport":"https:\/\/www.casaignacio.com.ar\/site\/politica-privacidad\/","telephone":[],"openingHoursSpecification":[{"@type":"OpeningHoursSpecification","dayOfWeek":["Monday","Tuesday","Wednesday","Thursday","Friday","Saturday","Sunday"],"opens":"09:00","closes":"17:00"}]},{"@type":"ImageObject","inLanguage":"es","@id":"https:\/\/www.casaignacio.com.ar\/site\/pages\/encuadernacion\/#local-main-organization-logo","url":"https:\/\/www.casaignacio.com.ar\/site\/wp-content\/uploads\/2022\/06\/logo_casaigncio_300x300.png","contentUrl":"https:\/\/www.casaignacio.com.ar\/site\/wp-content\/uploads\/2022\/06\/logo_casaigncio_300x300.png","width":300,"height":300,"caption":"Casa Ignacio - Librer\u00eda Comercial"}]}},"_links":{"self":[{"href":"https:\/\/www.casaignacio.com.ar\/site\/wp-json\/wp\/v2\/pages\/6696","targetHints":{"allow":["GET"]}}],"collection":[{"href":"https:\/\/www.casaignacio.com.ar\/site\/wp-json\/wp\/v2\/pages"}],"about":[{"href":"https:\/\/www.casaignacio.com.ar\/site\/wp-json\/wp\/v2\/types\/page"}],"author":[{"embeddable":true,"href":"https:\/\/www.casaignacio.com.ar\/site\/wp-json\/wp\/v2\/users\/1"}],"replies":[{"embeddable":true,"href":"https:\/\/www.casaignacio.com.ar\/site\/wp-json\/wp\/v2\/comments?post=6696"}],"version-history":[{"count":3,"href":"https:\/\/www.casaignacio.com.ar\/site\/wp-json\/wp\/v2\/pages\/6696\/revisions"}],"predecessor-version":[{"id":9365,"href":"https:\/\/www.casaignacio.com.ar\/site\/wp-json\/wp\/v2\/pages\/6696\/revisions\/9365"}],"up":[{"embeddable":true,"href":"https:\/\/www.casaignacio.com.ar\/site\/wp-json\/wp\/v2\/pages\/6172"}],"wp:attachment":[{"href":"https:\/\/www.casaignacio.com.ar\/site\/wp-json\/wp\/v2\/media?parent=6696"}],"curies":[{"name":"wp","href":"https:\/\/api.w.org\/{rel}","templated":true}]}}